(12)?
3, 7, 443
Let s = -536 + 535. Let c be (2 - (1 - 3))/(-1). What are the prime factors of -6*(38/c - s)?
3, 17
Suppose -2*c = 3*c - 8*c. List the prime factors of (4 - 3)*c - -284.
2, 71
What are the prime factors of (6/(-15))/(172/(-5442510))?
3, 4219
Let d(r) = -145*r - 3248. List the prime factors of d(-38).
2, 3, 13, 29
Suppose 0 = -f + 5*f + 780. Let u(v) = 2*v**2 + 19*v + 23. Let s be u(-17). Let c = s + f. What are the prime factors of c?
83
Suppose -941 = -4*t - r, 3*r = -10*t + 13*t - 717. What are the prime factors of t?
2, 59
Let x(y) = 157*y + 77. Let c be x(-4). Let b = c + 837. List the prime factors of b.
2, 11, 13
Let k = -344 - -712. Let n = k - -200. What are the prime factors of n?
2, 71
Let d be (2/6)/(6/18) + 3. Let s be (14/d)/(1/10). Suppose 3*a + 3*m = -m + s, -3*a = -2*m - 23. List the prime factors of a.
3
List the prime factors of (-10 - (-3 + (-230)/30))/((-4)/(-106362)).
3, 19, 311
Let s = -174 + 243. Suppose -m = -11 - s. List the prime factors of (-175)/(-2)*m/100.
2, 5, 7
Let a = -10 + 12. Let j be (2/(-8))/(a/(-472)). Let k = 26 + j. What are the prime factors of k?
5, 17
Let z = -11944 + 19039. List the prime factors of z.
3, 5, 11, 43
Let y = 44 + -44. Suppose y = 3*c - 0*c - 693. Let t = c + -133. List the prime factors of t.
2, 7
Let f(l) = -1123*l + 1123*l + 11*l**2 - l**3. Let t be f(11). Suppose t*b + 94 = p + 5*b, 362 = 3*p - 5*b. What are the prime factors of p?
2, 3, 19
Let l(q) = q**3 + 24*q**2 + 43*q - 18. Let j be l(-22). Let o(g) = 47*g**2 + 6*g - 25. List the prime factors of o(j).
751
Suppose 0 = 4*z - o - 38683, -2*o = -2*z - 2*z + 38690. List the prime factors of z.
3, 11, 293
Suppose 0 = 174*w - 108*w - 1716264. List the prime factors of w.
2, 3, 11, 197
Let s = 83 + -83. Let r be (-20)/(-5) - (-2 + s + 3). What are the prime factors of 193 + 0/4 - (0 + r)?
2, 5, 19
Suppose -s + q + 7834 = 0, -s - 4*q = -5197 - 2662. What are the prime factors of s?
3, 13, 67
Suppose -13*u + 15 = -37. Suppose 3*r - 1576 = u*a, 9*r - 13*r + 2064 = 4*a. List the prime factors of r.
2, 5, 13
Suppose 0 = d + 6, 13*a - 9*a - d = 89678. What are the prime factors of a?
2, 11, 1019
Suppose 0 = 5*d - 26*z + 22*z - 65160, -3*d = z - 39079. What are the prime factors of d?
2, 3257
Let n(j) = -12*j**2 - 5*j + 3. Let x be n(3). Suppose 70*d - 5*d = 11245. Let z = x + d. List the prime factors of z.
53
Suppose -a + 3*s + 36 = 0, 2*a + 4*s - 3*s - 93 = 0. Suppose -78 = 44*m - a*m. Let h = 151 - m. What are the prime factors of h?
73
List the prime factors of (-16)/(-28)*14 + 10050.
2, 47, 107
Let n be (12/(-9))/(8/(-18)) + -3. Suppose -22*o + 28*o + 918 = n. List the prime factors of (140/3)/((-34)/o).
2, 3, 5, 7
Suppose 678*u - 669*u = 433485. List the prime factors of u.
3, 5, 13, 19
Suppose 4*g - 6*g = 2. What are the prime factors of g/((-1963)/327 + 6)?
3, 109
Suppose -2*x - 7 = -l + 2, -4*x = -3*l + 23. What are the prime factors of l/(80/936)*4/2?
3, 13
Let r(l) = 58*l**3 - 6*l**2 + 24. Let u(k) = -k**2 - k + 1. Let b(q) = -r(q) + 10*u(q). What are the prime factors of b(-2)?
2, 227
Let o(s) = -s + 14. Let p be 2 + -70 - (3 + 0). Let u = 76 + p. List the prime factors of o(u).
3
Suppose -d - 5*k - 6 - 5 = 0, -4*k - 7 = -d. Let i(b) = 209*b - 6. Let n(m) = -10659*m + 304. Let o(q) = 152*i(q) + 3*n(q). What are the prime factors of o(d)?
11, 19
Let i = 32 - 25. Let k be 319*-1 + (9 - i). Let z = k - -538. What are the prime factors of z?
13, 17
List the prime factors of (-17)/((-85)/(-40)) + 24508.
2, 5, 7
Suppose -31*t + 245 - 90 = 0. Suppose -2369 + 784 = -t*l + 5*j, -5*l = 2*j - 1557. List the prime factors of l.
313
Let f = 167 + -5. Suppose 5*a + f = -2*u + 559, -u - 2*a = -198. What are the prime factors of u?
2, 7
Suppose 11*t = 5*t + 9*t - 51693. What are the prime factors of t?
17231
Let s(w) = 2998*w**2 + 8*w + 5. List the prime factors of s(-1).
5, 599
Let m(u) = 8*u**3 + 2*u**2 - u - 1. Let i be m(1). Suppose -i*c - 11 = -51. List the prime factors of c.
5
Let z(k) = k**3 + 8*k**2 - 11*k - 2. Suppose -5*o = -133 - 67. Suppose 0 = v - 6*v - o. What are the prime factors of z(v)?
2, 43
Let f = 130713 + -47126. List the prime factors of f.
7, 11941
Let v(d) = d**3 - 24*d**2 + 21*d + 52. Let g be v(23). Suppose -g*p + 3395 = 287. List the prime factors of p.
2, 7, 37
Suppose 2*g = -8, 5*g + 26 = -0*d + 3*d. Let i be (9/d*4)/(-2 + 4). Let j(p) = 2*p - 13. List the prime factors of j(i).
5
Let g(l) = 7*l**3 - l**2 + 3. Suppose 2*v - 5 = -5*a - 15, -5*a + 2*v + 10 = 0. Suppose a = -13*x + 12*x + 3. List the prime factors of g(x).
3, 61
Let u = -35 + 41. Suppose 0 = 9*h + u*h - 4020. What are the prime factors of h?
2, 67
Let l be ((-1030)/30)/(((-2)/(-18))/1). Suppose 0 = -2*f + 343 - 1245. Let a = l - f. List the prime factors of a.
2, 71
Let z = -12 + 8. Let n = -4 - z. Suppose n*l - 86 = -d + 3*l, 4*l = 16. List the prime factors of d.
2, 7
Let m(h) = 2*h**2 - 9*h + 4. Let p be m(6). Suppose p = -3*y + 5*l, -5*y - 2*l + 8 + 7 = 0. List the prime factors of (-67 + 0/(-1))/(0 - y).
67
Let u = 4783 - -24724. What are the prime factors of u?
19, 1553
Suppose 8*k + 2*x - 147114 = 0, -2*k - 2*k - 4*x + 73548 = 0. What are the prime factors of k?
2, 3, 5, 613
Let k be ((-416)/(-128))/(((-2)/1)/(-16)). Suppose 5*m + 1 = k. Suppose -107 = -m*l - 17. What are the prime factors of l?
2, 3
Suppose -2379 + 5587 = u - 3623. List the prime factors of u.
3, 11, 23
Suppose 3*j + 3*g - 5*g - 79 = 0, j - 5*g - 48 = 0. Suppose 228 + 25 = j*b. List the prime factors of b.
11
List the prime factors of (289/(-2890))/(2/(-703820)).
13, 2707
Suppose -2*k + 14356 = 3*r, 3*r - 14360 = 6*k - 7*k. List the prime factors of r.
2, 3, 7, 19
Let y be (0 - (-24)/10)/(4/10). Suppose m - y = -m, 0 = 4*k - 4*m - 448. Suppose -x + k = 2*t, 4*x + x = -2*t + 575. List the prime factors of x.
5, 23
Let q(z) = -2082*z**2 - 13 - 45*z + 4171*z**2 - 2078*z**2. What are the prime factors of q(12)?
1031
Let i = -328 + 332. Suppose i*c - 2*s = 1162 + 2558, 3*c - 4*s = 2790. List the prime factors of c.
2, 3, 5, 31
Let k be 7*(-1)/(2 + -3) + -2. Suppose -3*u - k*u = 408. Let l = u + 76. List the prime factors of l.
5
Let k(x) = 8*x**2 - 21*x - 581. List the prime factors of k(46).
3, 1709
Let y be 2 + 4/6 + 3055/(-15). Let a = y - -319. What are the prime factors of a?
2, 59
Suppose 8*v = 5119 - 151. Suppose 0 = 5*l + 2*w - 755, l + 5*w = -3*l + v. Let n = 353 - l. List the prime factors of n.
2, 3, 17
Suppose 5*h + 70 = 4*g, 4*h - 2*g + 22 = -28. Suppose 6*d - 3*d = -99. Let w = h - d. What are the prime factors of w?
23
Let t = -135 + 79. List the prime factors of 189 - (-6 + t/(-7)).
11, 17
Let w(a) = 2*a + 14. Let t(r) = r**2 + 8*r + 8. Let b be t(-5). Let d be w(b). Suppose 3*m - y - 132 = -d*y, 5*y = 5*m - 210. What are the prime factors of m?
3, 5
Suppose 1009*s - 35924 = 1002*s. What are the prime factors of s?
2, 1283
Suppose -59*v - 41471 - 24705 = -70*v. List the prime factors of v.
2, 47
Let p = -5155 + 8195. Suppose p = 4*u - 4*d, d + 1514 = 2*u - 3*d. List the prime factors of u.
7, 109
Suppose 2*s = d - 8, -5*s + 2 = -7*s. Let f(o) be the first derivative of o**4/4 - 5*o**3/3 + 4*o**2 - 6*o + 1. List the prime factors of f(d).
2, 3, 13
Let z(y) = 1172*y**3 - 3*y**2 - 199*y + 633. What are the prime factors of z(3)?
3, 3517
Let y = 68 + -63. Suppose -y*n + 850 = 5*t, 2*n + 0*t - 365 = 3*t. List the prime factors of n.
5, 7
Let m(h) = -h**3 - 6*h**2 - h - 2. Let s be m(-6). Suppose 0*a + 4 = -s*a, 0 = z - a - 479. List the prime factors of z.
2, 239
Let b = 26 + -22. Suppose r + r + b*t + 4 = 0, -4*t = r. List the prime factors of (-3 - 94)*(r - -3).
97
Let s = 9278 + 455. List the prime factors of s.
9733
Suppose 3*q = 2*k + 116030, -3*q + 74265 = -k - 41764. List the prime factors of q.
2, 3, 11, 293
Let f(j) = -2*j**3 - 103*j**2 + 30*j + 66. What are the prime factors of f(-57)?
3, 5, 2273
Suppose -73*s + 16*s = -16*s - 808192. What are the prime factors of s?
2, 7, 11
Let o be (136/(-24) - -5) + (-1312)/(-6). Suppose o = -22*t + 24*t. List the prime factors of t.
109
Let j(c) be the third derivative of c**5/30 - c**4/12 + 19*c**3/2 + 12*c**2. What are the prime factors of j(14)?
421
Suppose 4*z + 480 = -k + 3*z, -3*z - 474 = k. Let